 t be a(-15). What is the greatest common factor of t and 42?
21
Suppose 3 = 4*z - 3*z. Suppose -3*r - 135 = -4*j, -z*j + 99 - 19 = 2*r. What is the highest common divisor of 10 and j?
10
Suppose -43*x + 24 = 3*i - 46*x, 0 = -5*x + 25. Suppose 0 = k + 2*h - 21, 3*k = -h + 7 + 36. What is the highest common factor of i and k?
13
Suppose 3*p + w - 20 = p, 2*p = -3*w + 16. What is the greatest common divisor of 88 and p?
11
Let a be (-1 + 3)*6/(-12). Let z be a/(3 + 38/(-12)). Let j(o) = o**3 - 7*o**2 + 7*o - 1. Let y be j(z). What is the greatest common divisor of 5 and y?
5
Suppose 8 = -4*b + 16. Suppose 0*y + 3*y + 5*m - 225 = 0, 0 = -b*m + 6. Calculate the greatest common factor of y and 10.
10
Suppose 2*p = 5*c - 32, 34 = 4*c - 2*p + 8. Let a(q) = 9*q - 47. Let s be a(c). What is the greatest common divisor of 161 and s?
7
Let q be -1 + (2 - -22) + -2. Let n = 27 - q. What is the highest common factor of 66 and n?
6
Let p = 486 + -87. What is the greatest common divisor of 42 and p?
21
Let x(l) be the second derivative of 5*l + 1/6*l**3 + 0*l**2 + 0 + 29/12*l**4. Let p be x(1). What is the highest common divisor of 75 and p?
15
Let n(k) = 2*k**2 - 5. Let u be n(-2). Suppose u = 2*t - 1. Suppose -3*c = -4*j + 3*j + 264, t*j + c = 521. What is the highest common factor of 29 and j?
29
Let v = 4 - 0. Suppose 2*t + 3 = -g, -3*t = -2*g - 21 - 13. Let l(a) = -2*a**2 - 22*a + 1. Let u be l(g). Calculate the highest common divisor of u and v.
1
Let q be ((-51)/9)/((-4)/12). Let b = 29 - q. Suppose -500 + 68 = -4*m. What is the greatest common divisor of b and m?
12
Let d be (12*(-14)/(-6))/1. Suppose h - 5 = -2*f, -2*h + 15 = -2*f + h. Suppose f = -2*q - 0*q + 140. Calculate the highest common factor of q and d.
14
Let s(v) = -v**2 - 2*v + 2. Let u be s(2). Let q(p) = -p**3 - 2*p**2 + 2*p + 9. Let g be q(-3). Let y = g - u. What is the greatest common factor of y and 6?
6
Suppose 3*f = 5*d - 1566, 537 = 3*d + 4*f - 420. What is the greatest common divisor of d and 35?
35
Let m(g) = g**3 + 7*g**2 - 8*g. Let l be m(-8). Let n be (l - (-1)/(-1)) + 14 + 2. Calculate the greatest common divisor of n and 30.
15
Let k be 140/8 - 2/(-4). Let x be 1099/35 - 4/10. Let j = 5 + x. Calculate the highest common divisor of j and k.
18
Let g(d) = d**3 + d**2 + 184. Let w be g(0). Suppose -47 = -3*i + w. What is the greatest common factor of 11 and i?
11
Let h be 156/144*237 - (-3)/(-4). Calculate the highest common factor of h and 2.
2
Let i be (-33)/((-6)/8*66/99). What is the highest common factor of 418 and i?
22
Suppose 3*z - 551 - 100 = 0. What is the greatest common divisor of z and 7?
7
Suppose 16*r + 26*r - 2772 = 0. Calculate the highest common factor of 66 and r.
66
Let f be -9 + -1 + 3 - -187. Calculate the greatest common divisor of 36 and f.
36
Let j = 172 + -173. Let l be (-11 - -1)/(j/20*1). Suppose 75 = -2*w + 5*w. Calculate the highest common divisor of l and w.
25
Let t(x) = 13*x + 971. Let k be t(-25). What is the highest common divisor of k and 34?
34
Suppose -2*d + 0*d + 53 = 5*c, 46 = 4*c - 2*d. Let r(p) = -p + 7. Let f be r(6). Let k be f*(-1 + 3 + -1). What is the greatest common factor of c and k?
1
Let v(s) = s**2 + 4*s. Let w be v(-6). Suppose -1 = 16*u - 17. Let a(z) = 37*z**3 - z**2 + z - 1. Let g be a(u). What is the highest common factor of g and w?
12
Let l(j) = 25*j - 5. Let i(a) = -25*a + 5. Let z = -9 + 4. Let b(d) = z*i(d) - 4*l(d). Let k be b(5). Calculate the highest common divisor of k and 15.
15
Let y(q) = -14*q + 29. Let v be y(-5). What is the greatest common factor of v and 22?
11
Suppose -4*x - 4*x + 816 = 0. What is the greatest common factor of x and 459?
51
Suppose v - 9 = -3*j + 2*j, 0 = -5*j + 5*v + 25. Let n = 11 + j. What is the greatest common factor of 27 and n?
9
Let t(s) = 77*s - 18. Let f be t(8). Suppose 0 = -5*l - 3*y + f, l - 2*y = 2*l - 121. What is the highest common factor of l and 17?
17
Suppose 0 = 5*y + 5, 0 = 5*o - 6*o - 2*y + 28. What is the highest common divisor of o and 210?
30
Let z(x) = -2*x + 130. Let t be z(-4). What is the highest common factor of 897 and t?
69
Let a be (11/((-220)/24))/(6/15). Let v = -29 - -21. Let k be 25 + v - a*1. What is the greatest common factor of 30 and k?
10
Suppose 75 = 4*h - 1. Let v = 24 - h. Let i be (v/4)/(2/56). What is the greatest common divisor of 14 and i?
7
Let h be 8/(-12)*60/(-4). Let n = h + 200. Calculate the highest common factor of 42 and n.
42
Let a(l) = 67*l - 5. Let c be a(2). Suppose -6*v - 39 = -c. Suppose -4*b = 2*s - 104, -v + 123 = 2*s + 5*b. Calculate the greatest common factor of 11 and s.
11
Let g be (-108)/(-28)*(197 - 8). Calculate the greatest common factor of 54 and g.
27
Let d be 219 + ((-4)/(-6))/(8/60). Calculate the highest common divisor of d and 140.
28
Let y = 2 + 5. Let w be (-1)/7 - (-92)/y. Suppose -3*d - 273 = -6*d. Calculate the greatest common factor of w and d.
13
Suppose -55 + 13 = -3*x. Let m be (4/x)/(12/42). Let z = 34 + -33. Calculate the greatest common factor of z and m.
1
Let f be 156*7 - (-4 - -8). Calculate the highest common factor of f and 102.
34
Let r be (2/(-5))/(17/(-1020)*6). What is the greatest common factor of r and 108?
4
Let h(m) = 10*m**2 + 19*m + 21. Let j be h(-5). What is the greatest common divisor of j and 77?
11
Let o(y) = y**3 - 7*y**2 + 4*y - 3. Let j be o(7). Let h(m) = m**2 - 2*m. Let c be h(1). Let t = c - -6. What is the highest common divisor of t and j?
5
Let n = 274 + -264. Calculate the highest common divisor of 250 and n.
10
Let r = -1266 + 1440. What is the highest common divisor of 12 and r?
6
Let q(r) = -7*r**3 + r**2. Let n be q(1). Let g = 11 - n. Suppose 5*h = -4*u + g, -11 + 1 = 5*u. Calculate the greatest common factor of h and 25.
5
Let z(j) = -j. Let k be z(7). Let u(r) = -14*r + 7. Let h be u(k). Let q(s) = -8*s - 25. Let g be q(-5). Calculate the highest common factor of g and h.
15
Let h be 13 + -7 - 1*-44. What is the greatest common divisor of h and 200?
50
Let x be (32/1)/(-8) - (-2654)/2. What is the highest common divisor of 27 and x?
27
Let y be ((-39)/9 - -4) + 5331/9. What is the greatest common factor of y and 16?
16
Suppose h - 62 = 2*g, -3*h - 2*g = -202 + 32. What is the highest common divisor of h and 87?
29
Suppose 7*u = -79*u + 56760. What is the greatest common divisor of 40 and u?
20
Let n(v) = -v**2 - 8*v - 9. Let o(k) = k - 7. Let s be o(0). Let x be n(s). Let j be (x - (0 + 0)) + 14. Calculate the greatest common factor of j and 12.
12
Let a = -4 - 26. Let u be (-36)/a*10 + (-1 - 0). What is the greatest common factor of 121 and u?
11
Let w be (17 + 13)/(3/14). Suppose -w = 59*f - 64*f. Let y be -2 - (-140 + 1 + -3). Calculate the greatest common factor of f and y.
28
Let l be (-1296)/(-40)*(-20)/(-6). Let o = 217 - l. Suppose -k - 2*c + o = 0, 2*k - 186 - 47 = c. Calculate the greatest common factor of 46 and k.
23
Suppose -x = -6*x, 5*x = -d + 10. Let n be (-9)/(45/d) + 25. Let i = 48 - -44. What is the greatest common factor of n and i?
23
Let y(l) = l**2 + 6*l - 16. Let m = 48 + -57. Let j be y(m). What is the greatest common divisor of 11 and j?
11
Let g(v) = 15*v**2 - 4*v - 15. Let a be g(3). What is the greatest common divisor of 4 and a?
4
Suppose 2*o - 15*d - 40 = -10*d, 5*o - 4*d = 83. What is the highest common factor of 165 and o?
15
Let i be 2*1 + 1*6. Let q = 13 - i. Let x(t) = -t**2 + 16*t + 902. Let s be x(39). Calculate the highest common factor of s and q.
5
Suppose 0 = -5*k - 11 + 46. Calculate the greatest common divisor of k and 77.
7
Suppose u = 4*u - 84. Let y = -20 + 24. Calculate the highest common divisor of y and u.
4
Let a = -206 - -362. What is the highest common divisor of a and 24?
12
Let x be -2*(-6 - 4)/5. Let y be 4/(-6) + (-68)/(-12). Suppose -103 = -y*f + 57. Calculate the greatest common divisor of f and x.
4
Suppose -2*k - b = 52 + 55, -4*b = 5*k + 263. Let t = k - -185. Let j = -21 + 47. What is the greatest common factor of t and j?
26
Let r = -52 + 66. Let q(v) = -2*v**2 - 9*v + 7. Let j be q(-5). Let h(n) = 3*n**3 - 3*n**2 + n. Let p be h(j). Calculate the greatest common factor of p and r.
14
Let j(h) = 53*h**2 + 5*h - 4. Let f be j(1). What is the greatest common factor of 414 and f?
18
Suppose 32*a